.
5, 1051
Let t be -5 - (-2 - 1/1). What are the prime factors of ((-20)/6 - t)*(-1380)/5?
2, 23
Let w be 2 + -1 - ((-24)/2)/3. Suppose -w*l = 53 - 1728. Suppose l = 11*a + 71. What are the prime factors of a?
2, 3
Let o(g) = -346*g - 898. List the prime factors of o(-10).
2, 3, 7, 61
Let h be ((-200)/(-35) - 3) + 2/7. Let w = 12 - h. What are the prime factors of (-2568)/(-20) - (1 - w/15)?
2
Suppose 0 = 4*l - d - 10755, 441*l - d = 440*l + 2688. List the prime factors of l.
2689
Let v(g) = -190*g - 30. Let p be v(-7). Suppose 10*k - p = -0*k. Let i = k + 84. What are the prime factors of i?
2, 107
Suppose -16 + 10 = a + 2*z, -5*z - 14 = 3*a. Suppose 3*t + 0*u = -4*u + 33, 2*t - 17 = -u. Suppose -t*g - a*g + 927 = 0. What are the prime factors of g?
103
Let f be (-1)/4 - 25/(-4). Suppose 2*u = 3*c + 5*u - f, 4*c + u - 2 = 0. Suppose -2*s + 207 = 3*m, -4*m + c*m - 575 = -5*s. What are the prime factors of s?
3, 37
Suppose 4*b = -16, 8*f - 10*f = 2*b - 19542. What are the prime factors of f?
5, 17, 23
Suppose 5*z + 2*u + 42110 = 165324, u + 98579 = 4*z. List the prime factors of z.
2, 61, 101
Suppose -1 = c + 1. Suppose -4*y + s = 2*s + 64, -y + 2*s - 7 = 0. List the prime factors of ((-24)/y)/(c/270*-6).
2, 3
Let g be ((-35)/(1 - -4))/1. Let f = -7 - g. Suppose -4*n - 5*m = -n - 208, f = 4*n + m - 300. List the prime factors of n.
2, 19
Let t(w) = -w**3 + 14*w**2 - 3*w - 41. Suppose 4*d - 10 + 10 = 0. Suppose d = -j + 11*j - 120. List the prime factors of t(j).
211
Suppose -6*s = -12*s + 2562. Suppose -4*k + s = -345. List the prime factors of k.
193
Let h(l) = 5*l + 2. Let g be h(-3). Let k(r) = -2*r - 77. Let f(c) = 3*c + 139. Let o(i) = 3*f(i) + 5*k(i). List the prime factors of o(g).
3, 5
Let k = 14807 + -10477. What are the prime factors of k?
2, 5, 433
Let a(b) = 2*b**3 - 33*b**2 - 15*b + 2. Let y be a(18). Let g = y + -458. What are the prime factors of g?
2, 3, 41
Let c be ((-5)/((-70)/21))/((-1)/(-12)). Let l = c - 14. Suppose 5*o + l*n = 980, 137 = o - n - 68. List the prime factors of o.
2, 5
List the prime factors of (5/30)/((-7)/(-27741))*6.
3, 1321
Let r be (-9)/4 - -2 - 542/8. List the prime factors of (-60)/(6/r + 0).
2, 5, 17
Let t be (6/10)/((-13)/(-130)). Let x(k) = 17*k**3 - 6 - 25*k**3 + 9*k**3 - t*k - 2*k**2. What are the prime factors of x(5)?
3, 13
Let k(q) = -2*q**2 - 11*q. Let c be k(-4). Suppose 14*z - c*z - 150 = 0. Let i = 107 - z. What are the prime factors of i?
2
Suppose -35319 = -5*c + 3*l + 12101, -5 = -l. What are the prime factors of c?
53, 179
Let b(p) = -p**2 + 14*p + 5. Let f be b(8). Let m = 40 + f. Suppose -g - 3*g + z = -m, 3*g - z - 71 = 0. What are the prime factors of g?
2, 11
Let m(b) = -59*b - 64. Let q be (56/(-21))/((-6)/(-27)). List the prime factors of m(q).
2, 7, 23
Let p = -1082 - -4118. List the prime factors of p.
2, 3, 11, 23
Let f be 0*(4/8)/1. Suppose n - 4 = -n + 4*b, f = 5*n + 3*b - 62. Let o = 24 - n. What are the prime factors of o?
2, 7
Let i(r) = -r + 27. Let v = 69 + -39. Let w = -23 + v. What are the prime factors of i(w)?
2, 5
Let w = -83 + 88. Let n(o) = o**2 + 2*o - 30. Let y be n(w). Suppose 0 = 4*r + r + j - 457, y*j - 445 = -5*r. List the prime factors of r.
2, 23
Let y be (-4)/(-10)*-7*(-20)/(-4). Let b(l) = l**3 + 14*l**2 + 7*l - 6. Let m be b(y). Let f = m + 172. What are the prime factors of f?
2, 17
Let s = -16 - -18. Let h be (-97 + (-1)/(4/4))*s. Let r = h - -364. List the prime factors of r.
2, 3, 7
Suppose -4*s - 3*v + 9438 = 0, 1097 = s - 2*v - 1246. List the prime factors of s.
3, 5, 157
Let f(s) be the third derivative of s**5/6 - s**4/8 + s**3/6 - 41*s**2 - 2. List the prime factors of f(-1).
2, 7
Suppose 6*y = 7*y - 1. Suppose 2*q - 23 = -b, -q + y = -0. What are the prime factors of (-7)/(-2)*612/b?
2, 3, 17
Suppose 19*u + 99265 = 23*u - 3*v, u - 2*v = 24825. List the prime factors of u.
43, 577
Let k = 21223 - 9000. List the prime factors of k.
17, 719
Let w be (63/(-6))/((-3)/6). Let j be ((-10)/(-4))/(-1*(-6)/(-84)). Let v = w - j. List the prime factors of v.
2, 7
Let z(v) = -48*v**2 - 1. Let o(k) = -k**2 - 1. Let d(x) = 4*o(x) - z(x). Let s be d(3). Suppose 387 + s = 5*t. List the prime factors of t.
2, 3, 13
Let v(x) = -22345*x**3 + 2*x**2 + 2*x - 2. What are the prime factors of v(-1)?
22343
Let p(k) = k**3 + 9*k**2 + 43*k - 15. Let q be p(-4). Let b be 0 + (-184)/(1/1). Let y = q - b. What are the prime factors of y?
7, 11
Let c(h) = -33*h + 235. Let z be c(7). Suppose -2839 - 1817 = -z*l. What are the prime factors of l?
2, 3, 97
Let d = 56602 - 38057. List the prime factors of d.
5, 3709
Let q(m) = m**3 - 5*m**2 - 8*m + 14. Let s be q(6). Suppose 0 = s*b + 4, 1 = 5*l + 2*b - 5. List the prime factors of l - 0 - (-207 - -10).
199
Suppose -3*m + 2*v - 3*v + 72 = 0, 3*v = m - 34. Suppose 7*l + 3 = -m. What are the prime factors of 4 - (l - -3) - -1?
2, 3
Suppose -4*k + 143*q = 144*q - 57180, -5*k - 3*q + 71468 = 0. List the prime factors of k.
2, 1787
Let b = 18231 - 11622. What are the prime factors of b?
3, 2203
Suppose -70*u + 6039 = -66*u + n, 5*n + 1494 = u. List the prime factors of u.
3, 503
Suppose -30 = 19*l - 22*l. Let w(i) = -2*i + 27. Let n be w(11). Suppose 0 = -n*f - 5*v + 1 + 274, 5*v = l. What are the prime factors of f?
53
Let n(a) = 6*a**2 + 28*a + 6. Let f be n(-8). Let j = 277 - f. What are the prime factors of j?
3, 37
Let s be (-1 - -25) + 1*(-6)/(-2). Let n = s + -7. List the prime factors of (56/n)/((-4)/15)*-12.
2, 3, 7
Suppose 5*d - 16922 - 10728 = 0. List the prime factors of d.
2, 5, 7, 79
Let f(t) = -210*t - 21. Let v(i) = i**2 - 17*i - 4. Let z be v(17). List the prime factors of f(z).
3, 7, 13
Suppose -d - 8 = -3*k, -4*k + 10 = 2*d - 14. Suppose -239 = -d*o - h, -4*o - 2*h + 126 = -116. Let u = o + 41. List the prime factors of u.
2, 5
Suppose 0*o - 258 = -2*o. Let w = -56 - -65. Suppose -1677 = -w*l - o. List the prime factors of l.
2, 43
Suppose 8*q + 1927 = -281. Let p be (-423)/(-1 + 0) - 2*-1. Let g = p + q. List the prime factors of g.
149
Suppose 9*p - 10*p + 80 = 0. Let c = 144 + p. What are the prime factors of c?
2, 7
Let i = 89 + -89. Let a be i*(0 + 1)*(-18 - -17). Suppose a = 5*u - 132 + 32. List the prime factors of u.
2, 5
Let f(j) = j**2 - j - 7. Let a be f(4). Let v be a - (-2)/(-1) - -1. Suppose m = v*g - 384, 5*g + 0*m - 463 = -3*m. What are the prime factors of g?
5, 19
Let l be 20/(-170) - 148516/(-34). Suppose -6*q = 6*q - l. What are the prime factors of q?
2, 7, 13
What are the prime factors of (5 - 7)*-3 - 3 - -28208?
28211
Suppose 3*t = -21, -12095 = -3*f + 5*t + 37146. List the prime factors of f.
2, 59, 139
Let x(d) = 10*d - 121. Let l be x(13). Suppose -l*j = -522 - 729. List the prime factors of j.
139
Let q = -76 - -30. Let t be (1/(-3))/((-20)/18 + 1). What are the prime factors of (9/6)/(135/q + t)?
23
Let s = -55 - -56. Let c(j) = j + 1. Let g(d) = -9*d**3 - 3*d**2 - 10*d - 8. Let p(i) = s*g(i) + 5*c(i). List the prime factors of p(-3).
2, 3, 19
Let u = -3751 + 2442. Let q = u + 2198. List the prime factors of q.
7, 127
Let d be 2/(-2) - (5 - 28). Suppose 0 = w + d - 65. What are the prime factors of w?
43
Suppose -4*l - a = 16652, 2*l + 2*a + 2880 + 5446 = 0. Let d = 5966 + l. What are the prime factors of d?
3, 601
Let h be 23/((-138)/(-1428)) + (-10)/2. Suppose -5*r - 3*j + j + 681 = 0, -273 = -2*r - j. Let c = h - r. What are the prime factors of c?
2, 7
Suppose 89 = 6*l + 77. Suppose -2270 = -2*d - 4*y + l*y, y + 1 = 0. Suppose 3*a + 4*t - d = -a, a + 5*t - 264 = 0. List the prime factors of a.
17
Let t = 101 - 98. What are the prime factors of (208/t)/((-4)/(-24))?
2, 13
List the prime factors of (1352/(-13))/(4/774*-3).
2, 3, 13, 43
Suppose -52*c + 60*c - 296 = 0. Suppose -c = -3*v + 569. List the prime factors of v.
2, 101
Let c = 429 - 432. What are the prime factors of c/(84*16/1350 - 1)?
3, 5
Suppose -89*a + 237147 = -202780. What are the prime factors of a?
4943
Let l = 90 - 50. Let w(b) = -5*b - 13. Let a be w(-2). Let n = a + l. What are the prime factors of n?
37
Let g(n) be the first derivative of 9*n**2/2 - 20*n - 5. Let z be g(-10). Let j = z + 197. List the prime factors of j.
3, 29
Let y(v) = 3*v + 3. Let s(t) = 4*t + 2. Let l(k) = -4*s(k) + 5*y(k). Let g be l(6)